, 509
What are the prime factors of 739?
739
What are the prime factors of 1559?
1559
What are the prime factors of 74654?
2, 163, 229
List the prime factors of 30572.
2, 7643
What are the prime factors of 442?
2, 13, 17
What are the prime factors of 9922?
2, 11, 41
List the prime factors of 613.
613
List the prime factors of 2155.
5, 431
What are the prime factors of 280?
2, 5, 7
What are the prime factors of 1579?
1579
List the prime factors of 41699.
7, 23, 37
What are the prime factors of 2136?
2, 3, 89
What are the prime factors of 6964?
2, 1741
List the prime factors of 24154.
2, 13, 929
List the prime factors of 56489.
56489
What are the prime factors of 8433?
3, 937
List the prime factors of 19768.
2, 7, 353
List the prime factors of 38452.
2, 9613
List the prime factors of 2208.
2, 3, 23
What are the prime factors of 31761?
3, 3529
What are the prime factors of 37939?
11, 3449
List the prime factors of 6901.
67, 103
List the prime factors of 66489.
3, 37, 599
List the prime factors of 99025.
5, 17, 233
List the prime factors of 7866.
2, 3, 19, 23
What are the prime factors of 3304?
2, 7, 59
What are the prime factors of 17244?
2, 3, 479
What are the prime factors of 7451?
7451
What are the prime factors of 23091?
3, 43, 179
What are the prime factors of 380?
2, 5, 19
What are the prime factors of 37643?
37643
What are the prime factors of 765?
3, 5, 17
List the prime factors of 8175.
3, 5, 109
List the prime factors of 39891.
3, 13297
List the prime factors of 601.
601
What are the prime factors of 2064?
2, 3, 43
List the prime factors of 526.
2, 263
What are the prime factors of 1391?
13, 107
List the prime factors of 379.
379
List the prime factors of 3634.
2, 23, 79
What are the prime factors of 18693?
3, 31, 67
List the prime factors of 1293.
3, 431
What are the prime factors of 5460?
2, 3, 5, 7, 13
What are the prime factors of 50?
2, 5
List the prime factors of 5745.
3, 5, 383
What are the prime factors of 67361?
7, 9623
List the prime factors of 76258.
2, 7, 13, 419
List the prime factors of 21568.
2, 337
What are the prime factors of 11523?
3, 23, 167
List the prime factors of 8551.
17, 503
List the prime factors of 53929.
199, 271
List the prime factors of 4753.
7, 97
What are the prime factors of 3584?
2, 7
List the prime factors of 1642.
2, 821
What are the prime factors of 2545?
5, 509
List the prime factors of 3234.
2, 3, 7, 11
What are the prime factors of 699?
3, 233
List the prime factors of 2261.
7, 17, 19
List the prime factors of 1622.
2, 811
List the prime factors of 3447.
3, 383
What are the prime factors of 13828?
2, 3457
What are the prime factors of 3431?
47, 73
What are the prime factors of 7995?
3, 5, 13, 41
What are the prime factors of 91317?
3, 61, 499
List the prime factors of 55718.
2, 13, 2143
List the prime factors of 34505.
5, 67, 103
List the prime factors of 1258.
2, 17, 37
List the prime factors of 2069.
2069
What are the prime factors of 13487?
13487
List the prime factors of 6461.
7, 13, 71
What are the prime factors of 705?
3, 5, 47
List the prime factors of 32832.
2, 3, 19
What are the prime factors of 133436?
2, 33359
List the prime factors of 30.
2, 3, 5
What are the prime factors of 350?
2, 5, 7
What are the prime factors of 1069?
1069
List the prime factors of 94.
2, 47
List the prime factors of 224.
2, 7
List the prime factors of 13579.
37, 367
List the prime factors of 1054.
2, 17, 31
What are the prime factors of 1641?
3, 547
List the prime factors of 90168.
2, 3, 13, 17
What are the prime factors of 7164?
2, 3, 199
What are the prime factors of 453?
3, 151
List the prime factors of 1753.
1753
What are the prime factors of 9656?
2, 17, 71
What are the prime factors of 38435?
5, 7687
What are the prime factors of 4692?
2, 3, 17, 23
List the prime factors of 3156.
2, 3, 263
What are the prime factors of 1676?
2, 419
List the prime factors of 1248.
2, 3, 13
List the prime factors of 2162.
2, 23, 47
What are the prime factors of 259?
7, 37
What are the prime factors of 1609?
1609
What are the prime factors of 2492?
2, 7, 89
What are the prime factors of 337?
337
List the prime factors of 2322.
2, 3, 43
List the prime factors of 4623.
3, 23, 67
List the prime factors of 16631.
16631
List the prime factors of 2265.
3, 5, 151
What are the prime factors of 775?
5, 31
What are the prime factors of 30075?
3, 5, 401
List the prime factors of 6077.
59, 103
What are the prime factors of 9008?
2, 563
What are the prime factors of 33378?
2, 3, 5563
What are the prime factors of 1002?
2, 3, 167
What are the prime factors of 23756?
2, 5939
List the prime factors of 33709.
13, 2593
What are the prime factors of 770?
2, 5, 7, 11
What are the prime factors of 939?
3, 313
What are the prime factors of 42804?
2, 3, 29, 41
List the prime factors of 31266.
2, 3, 193
List the prime factors of 62.
2, 31
What are the prime factors of 59157?
3, 7, 313
List the prime factors of 162.
2, 3
What are the prime factors of 5225?
5, 11, 19
What are the prime factors of 5245?
5, 1049
List the prime factors of 27210.
2, 3, 5, 907
List the prime factors of 87659.
11, 13, 613
List the prime factors of 1721.
1721
What are the prime factors of 11083?
11083
List the prime factors of 991.
991
List the prime factors of 2632.
2, 7, 47
List the prime factors of 4062.
2, 3, 677
What are the prime factors of 10814?
2, 5407
List the prime factors of 57938.
2, 59, 491
What are the prime factors of 34884?
2, 3, 17, 19
What are the prime factors of 6036?
2, 3, 503
List the prime factors of 1553.
1553
What are the prime factors of 7194?
2, 3, 11, 109
What are the prime factors of 426?
2, 3, 71
List the prime factors of 37737.
3, 7, 599
List the prime factors of 32750.
2, 5, 131
What are the prime factors of 361?
19
What are the prime factors of 3367?
7, 13, 37
List the prime factors of 4700.
2, 5, 47
What are the prime factors of 793?
13, 61
What are the prime factors of 17004?
2, 3, 13, 109
What are the prime factors of 8062?
2, 29, 139
List the prime factors of 2907.
3, 17, 19
List the prime factors of 3593.
3593
What are the prime factors of 5039?
5039
What are the prime factors of 50?
2, 5
What are the prime factors of 10647?
3, 7, 13
What are the prime factors of 10756?
2, 2689
List the prime factors of 51384.
2, 3, 2141
What are the prime factors of 1731?
3, 577
List the prime factors of 71367.
3, 23789
What are the prime factors of 1815?
3, 5, 11
List the prime factors of 19525.
5, 11, 71
What are the prime factors of 3459?
3, 1153
List the prime factors of 9716.
2, 7, 347
List the prime factors of 68636.
2, 17159
What are the prime factors of 4676?
2, 7, 167
List the prime factors of 13878.
2, 3, 257
What are the prime factors of 7295?
5, 1459
List the prime factors of 2759.
31, 89
List the prime factors of 535.
5, 107
What are the prime factors of 22406?
2, 17, 659
What are the prime factors of 1301?
1301
What are the prime factors of 4221?
3, 7, 67
List the prime factors of 1165.
5, 233
What are the prime factors of 1543?
1543
List the prime factors of 14509.
11, 1319
What are the prime factors of 450?
2, 3, 5
What are the prime factors of 1603?
7, 229
List the prime factors of 28313.
23, 1231
What are the prime factors of 116?
2, 29
List the prime factors of 4168.
2, 521
List the prime factors of 14643.
3, 1627
What are the prime factors of 493?
17, 29
List the prime factors of 27418.
2, 13709
What are the prime factors of 4216?
2, 17, 31
What are the prime factors of 3269?
7, 467
List the prime factors of 47729.
11, 4339
List the prime factors of 2813.
29, 97
List the prime factors of 3573.
3, 397
List the prime factors of 208.
2, 13
What are the prime factors of 60653?
131, 463
List the prime factors of 1118.
2, 13, 43
List the prime factors of 760.
2, 5, 19
What are the prime factors of 9335?
5, 1867
List the prime factors of 318.
2, 3, 53
What are the prime factors of 71259?
3, 23753
What are the prime factors of 1821?
3, 607
List the prime factors of 3351.
3, 1117
List the prime factors of 5070.
2, 3, 5, 13
List the prime factors of 3807.
3, 47
List the prime factors of 1728.
2, 3
What are the prime factors of 18840?
2, 3, 5, 157
What are the prime factors of 504?
2, 3, 7
List the prime factors of 82.
2, 41
What are the